{"id":6048,"date":"2023-10-04T22:27:12","date_gmt":"2023-10-04T19:27:12","guid":{"rendered":"https:\/\/matematikkocu.com\/?page_id=6048"},"modified":"2023-10-04T22:27:13","modified_gmt":"2023-10-04T19:27:13","slug":"ozel-paket","status":"publish","type":"page","link":"https:\/\/matematikkocu.com\/index.php\/ozel-paket\/","title":{"rendered":"\u00d6ZEL PAKET"},"content":{"rendered":"\n<p>Her \u015feyi ile tamamen ki\u015fiye \u00f6zel paket, tamamen sizin talep ve isteklerinize g\u00f6re \u015fekillenen m\u00fcfredat\u2026<\/p>\n\n\n\n<figure class=\"wp-block-image size-full\"><img decoding=\"async\" loading=\"lazy\" width=\"945\" height=\"532\" src=\"https:\/\/matematikkocu.com\/wp-content\/uploads\/2023\/10\/image.png\" alt=\"\" class=\"wp-image-6049\" srcset=\"https:\/\/matematikkocu.com\/wp-content\/uploads\/2023\/10\/image.png 945w, https:\/\/matematikkocu.com\/wp-content\/uploads\/2023\/10\/image-300x169.png 300w, https:\/\/matematikkocu.com\/wp-content\/uploads\/2023\/10\/image-768x432.png 768w\" sizes=\"(max-width: 945px) 100vw, 945px\" \/><\/figure>\n\n\n\n<figure class=\"wp-block-image size-full\"><img decoding=\"async\" loading=\"lazy\" width=\"945\" height=\"532\" src=\"https:\/\/matematikkocu.com\/wp-content\/uploads\/2023\/10\/image-1.png\" alt=\"\" class=\"wp-image-6050\" srcset=\"https:\/\/matematikkocu.com\/wp-content\/uploads\/2023\/10\/image-1.png 945w, https:\/\/matematikkocu.com\/wp-content\/uploads\/2023\/10\/image-1-300x169.png 300w, https:\/\/matematikkocu.com\/wp-content\/uploads\/2023\/10\/image-1-768x432.png 768w\" sizes=\"(max-width: 945px) 100vw, 945px\" \/><\/figure>\n\n\n\n<figure class=\"wp-block-image size-full\"><img decoding=\"async\" loading=\"lazy\" width=\"945\" height=\"532\" src=\"https:\/\/matematikkocu.com\/wp-content\/uploads\/2023\/10\/image-2.png\" alt=\"\" class=\"wp-image-6051\" srcset=\"https:\/\/matematikkocu.com\/wp-content\/uploads\/2023\/10\/image-2.png 945w, https:\/\/matematikkocu.com\/wp-content\/uploads\/2023\/10\/image-2-300x169.png 300w, https:\/\/matematikkocu.com\/wp-content\/uploads\/2023\/10\/image-2-768x432.png 768w\" sizes=\"(max-width: 945px) 100vw, 945px\" \/><\/figure>\n\n\n\n<figure class=\"wp-block-image size-full\"><img decoding=\"async\" loading=\"lazy\" width=\"945\" height=\"532\" src=\"https:\/\/matematikkocu.com\/wp-content\/uploads\/2023\/10\/image-3.png\" alt=\"\" class=\"wp-image-6052\" srcset=\"https:\/\/matematikkocu.com\/wp-content\/uploads\/2023\/10\/image-3.png 945w, https:\/\/matematikkocu.com\/wp-content\/uploads\/2023\/10\/image-3-300x169.png 300w, https:\/\/matematikkocu.com\/wp-content\/uploads\/2023\/10\/image-3-768x432.png 768w\" sizes=\"(max-width: 945px) 100vw, 945px\" \/><\/figure>\n\n\n\n<p>Diyorsan\u0131z bu paket tam size g\u00f6re \u2026Ayr\u0131ca bu vb. \u00f6zel durumlar\u0131n yan\u0131 s\u0131ra genel paket i\u00e7eri\u011fi de a\u015fa\u011f\u0131daki gibidir.<\/p>\n\n\n\n<figure class=\"wp-block-image size-full\"><img decoding=\"async\" loading=\"lazy\" width=\"945\" height=\"532\" src=\"https:\/\/matematikkocu.com\/wp-content\/uploads\/2023\/10\/image-4.png\" alt=\"\" class=\"wp-image-6053\" srcset=\"https:\/\/matematikkocu.com\/wp-content\/uploads\/2023\/10\/image-4.png 945w, https:\/\/matematikkocu.com\/wp-content\/uploads\/2023\/10\/image-4-300x169.png 300w, https:\/\/matematikkocu.com\/wp-content\/uploads\/2023\/10\/image-4-768x432.png 768w\" sizes=\"(max-width: 945px) 100vw, 945px\" \/><\/figure>\n\n\n\n<p>Ve de ayr\u0131ca tercihe ve seviyeye g\u00f6re a\u015fa\u011f\u0131daki \u00f6rnek tablo ve \u00e7izelgelerle geli\u015fim s\u00fcreci takip edilir. Ders performans tablosu, Deneme sonu\u00e7 analizi, Haftal\u0131k ders program\u0131 bunlardan birka\u00e7\u0131\u2026<\/p>\n\n\n\n<figure class=\"wp-block-image size-full\"><img decoding=\"async\" loading=\"lazy\" width=\"950\" height=\"598\" src=\"https:\/\/matematikkocu.com\/wp-content\/uploads\/2023\/10\/image-5.png\" alt=\"\" class=\"wp-image-6054\" srcset=\"https:\/\/matematikkocu.com\/wp-content\/uploads\/2023\/10\/image-5.png 950w, https:\/\/matematikkocu.com\/wp-content\/uploads\/2023\/10\/image-5-300x189.png 300w, https:\/\/matematikkocu.com\/wp-content\/uploads\/2023\/10\/image-5-768x483.png 768w\" sizes=\"(max-width: 950px) 100vw, 950px\" \/><\/figure>\n\n\n\n<figure class=\"wp-block-image size-full is-resized\"><img decoding=\"async\" loading=\"lazy\" src=\"https:\/\/matematikkocu.com\/wp-content\/uploads\/2023\/10\/Ekran-goruntusu-2023-10-04-222541.png\" alt=\"\" class=\"wp-image-6055\" width=\"751\" height=\"502\" srcset=\"https:\/\/matematikkocu.com\/wp-content\/uploads\/2023\/10\/Ekran-goruntusu-2023-10-04-222541.png 627w, https:\/\/matematikkocu.com\/wp-content\/uploads\/2023\/10\/Ekran-goruntusu-2023-10-04-222541-300x200.png 300w\" sizes=\"(max-width: 751px) 100vw, 751px\" \/><\/figure>\n\n\n\n<figure class=\"wp-block-image size-full\"><img decoding=\"async\" loading=\"lazy\" width=\"957\" height=\"229\" src=\"https:\/\/matematikkocu.com\/wp-content\/uploads\/2023\/10\/image-6.png\" alt=\"\" class=\"wp-image-6056\" srcset=\"https:\/\/matematikkocu.com\/wp-content\/uploads\/2023\/10\/image-6.png 957w, https:\/\/matematikkocu.com\/wp-content\/uploads\/2023\/10\/image-6-300x72.png 300w, https:\/\/matematikkocu.com\/wp-content\/uploads\/2023\/10\/image-6-768x184.png 768w\" sizes=\"(max-width: 957px) 100vw, 957px\" \/><\/figure>\n\n\n\n<figure class=\"wp-block-image size-full\"><img decoding=\"async\" loading=\"lazy\" width=\"945\" height=\"254\" src=\"https:\/\/matematikkocu.com\/wp-content\/uploads\/2023\/10\/image-7.png\" alt=\"\" class=\"wp-image-6057\" srcset=\"https:\/\/matematikkocu.com\/wp-content\/uploads\/2023\/10\/image-7.png 945w, https:\/\/matematikkocu.com\/wp-content\/uploads\/2023\/10\/image-7-300x81.png 300w, https:\/\/matematikkocu.com\/wp-content\/uploads\/2023\/10\/image-7-768x206.png 768w\" sizes=\"(max-width: 945px) 100vw, 945px\" \/><\/figure>\n\n\n\n<figure class=\"wp-block-image size-full\"><img decoding=\"async\" loading=\"lazy\" width=\"959\" height=\"504\" src=\"https:\/\/matematikkocu.com\/wp-content\/uploads\/2023\/10\/image-8.png\" alt=\"\" class=\"wp-image-6058\" srcset=\"https:\/\/matematikkocu.com\/wp-content\/uploads\/2023\/10\/image-8.png 959w, https:\/\/matematikkocu.com\/wp-content\/uploads\/2023\/10\/image-8-300x158.png 300w, https:\/\/matematikkocu.com\/wp-content\/uploads\/2023\/10\/image-8-768x404.png 768w\" sizes=\"(max-width: 959px) 100vw, 959px\" \/><\/figure>\n\n\n\n<figure class=\"wp-block-image size-full\"><img decoding=\"async\" loading=\"lazy\" width=\"1000\" height=\"563\" src=\"https:\/\/matematikkocu.com\/wp-content\/uploads\/2023\/10\/image-9.png\" alt=\"\" class=\"wp-image-6059\" srcset=\"https:\/\/matematikkocu.com\/wp-content\/uploads\/2023\/10\/image-9.png 1000w, https:\/\/matematikkocu.com\/wp-content\/uploads\/2023\/10\/image-9-300x169.png 300w, https:\/\/matematikkocu.com\/wp-content\/uploads\/2023\/10\/image-9-768x432.png 768w\" sizes=\"(max-width: 1000px) 100vw, 1000px\" \/><\/figure>\n\n\n\n<figure class=\"wp-block-image size-full\"><img decoding=\"async\" loading=\"lazy\" width=\"1000\" height=\"563\" src=\"https:\/\/matematikkocu.com\/wp-content\/uploads\/2023\/10\/image-10.png\" alt=\"\" class=\"wp-image-6060\" srcset=\"https:\/\/matematikkocu.com\/wp-content\/uploads\/2023\/10\/image-10.png 1000w, https:\/\/matematikkocu.com\/wp-content\/uploads\/2023\/10\/image-10-300x169.png 300w, https:\/\/matematikkocu.com\/wp-content\/uploads\/2023\/10\/image-10-768x432.png 768w\" sizes=\"(max-width: 1000px) 100vw, 1000px\" \/><\/figure>\n\n\n\n<p>T\u00fcm bu paketlerin d\u0131\u015f\u0131nda ki\u015fiye \u00f6zel program ve paket olu\u015fturulabilir. \u00d6zel paket i\u00e7in\u00a0<a href=\"https:\/\/docs.google.com\/forms\/d\/e\/1FAIpQLSd68B23f_JLzhWZ6VtH0BOIjucQ4vuoAKD0hj9D6SGPja3LOQ\/viewform\" target=\"_blank\" rel=\"noreferrer noopener\">t\u0131klay\u0131n\u0131z<\/a>.<\/p>\n","protected":false},"excerpt":{"rendered":"<p>Her \u015feyi ile tamamen ki\u015fiye \u00f6zel paket, tamamen sizin talep ve isteklerinize g\u00f6re \u015fekillenen m\u00fcfredat\u2026 [&hellip;]<\/p>\n","protected":false},"author":1,"featured_media":0,"parent":0,"menu_order":0,"comment_status":"closed","ping_status":"closed","template":"","meta":{"_EventAllDay":false,"_EventTimezone":"","_EventStartDate":"","_EventEndDate":"","_EventStartDateUTC":"","_EventEndDateUTC":"","_EventShowMap":false,"_EventShowMapLink":false,"_EventURL":"","_EventCost":"","_EventCostDescription":"","_EventCurrencySymbol":"","_EventCurrencyCode":"","_EventCurrencyPosition":"","_EventDateTimeSeparator":"","_EventTimeRangeSeparator":"","_EventOrganizerID":[],"_EventVenueID":[],"_OrganizerEmail":"","_OrganizerPhone":"","_OrganizerWebsite":"","_VenueAddress":"","_VenueCity":"","_VenueCountry":"","_VenueProvince":"","_VenueState":"","_VenueZip":"","_VenuePhone":"","_VenueURL":"","_VenueStateProvince":"","_VenueLat":"","_VenueLng":"","_VenueShowMap":false,"_VenueShowMapLink":false,"_glsr_average":0,"_glsr_ranking":0,"_glsr_reviews":0},"aioseo_notices":[],"_links":{"self":[{"href":"https:\/\/matematikkocu.com\/index.php\/wp-json\/wp\/v2\/pages\/6048"}],"collection":[{"href":"https:\/\/matematikkocu.com\/index.php\/wp-json\/wp\/v2\/pages"}],"about":[{"href":"https:\/\/matematikkocu.com\/index.php\/wp-json\/wp\/v2\/types\/page"}],"author":[{"embeddable":true,"href":"https:\/\/matematikkocu.com\/index.php\/wp-json\/wp\/v2\/users\/1"}],"replies":[{"embeddable":true,"href":"https:\/\/matematikkocu.com\/index.php\/wp-json\/wp\/v2\/comments?post=6048"}],"version-history":[{"count":1,"href":"https:\/\/matematikkocu.com\/index.php\/wp-json\/wp\/v2\/pages\/6048\/revisions"}],"predecessor-version":[{"id":6061,"href":"https:\/\/matematikkocu.com\/index.php\/wp-json\/wp\/v2\/pages\/6048\/revisions\/6061"}],"wp:attachment":[{"href":"https:\/\/matematikkocu.com\/index.php\/wp-json\/wp\/v2\/media?parent=6048"}],"curies":[{"name":"wp","href":"https:\/\/api.w.org\/{rel}","templated":true}]}}